 47425 is divided by 1965?
265
What is the remainder when 7619311 is divided by 935?
931
What is the remainder when 53712169 is divided by 3248?
3241
What is the remainder when 19407916 is divided by 53?
5
Calculate the remainder when 23395 is divided by 23237.
158
What is the remainder when 49820353 is divided by 13?
11
What is the remainder when 4755247 is divided by 1585072?
31
What is the remainder when 12344504 is divided by 54?
50
Calculate the remainder when 495288 is divided by 82540.
48
Calculate the remainder when 33712853 is divided by 1037.
1020
Calculate the remainder when 5923 is divided by 914.
439
What is the remainder when 27690 is divided by 4937?
3005
What is the remainder when 51152877 is divided by 1453?
12
Calculate the remainder when 4037437 is divided by 37.
34
Calculate the remainder when 348406 is divided by 2977.
97
What is the remainder when 138762 is divided by 1755?
117
Calculate the remainder when 114823 is divided by 238.
107
Calculate the remainder when 554163 is divided by 507.
12
What is the remainder when 600884 is divided by 39?
11
Calculate the remainder when 331472 is divided by 955.
87
What is the remainder when 81904309 is divided by 2446?
2445
What is the remainder when 43526 is divided by 21656?
214
Calculate the remainder when 352992 is divided by 58673.
954
What is the remainder when 298377 is divided by 149181?
15
Calculate the remainder when 766677947 is divided by 61.
57
Calculate the remainder when 1185210 is divided by 182.
26
Calculate the remainder when 5919366 is divided by 4102.
180
What is the remainder when 13963582 is divided by 181345?
17
Calculate the remainder when 914737 is divided by 530.
487
Calculate the remainder when 39814 is divided by 926.
922
What is the remainder when 4373518 is divided by 33?
28
Calculate the remainder when 7029356 is divided by 72.
68
Calculate the remainder when 8679157 is divided by 4597.
21
Calculate the remainder when 2664071 is divided by 14883.
14
What is the remainder when 82403832 is divided by 1445681?
15
What is the remainder when 22015 is divided by 1887?
1258
What is the remainder when 87783 is divided by 1988?
311
Calculate the remainder when 76317 is divided by 877.
18
What is the remainder when 11253886 is divided by 489299?
9
Calculate the remainder when 428747 is divided by 428043.
704
What is the remainder when 54273 is divided by 18087?
12
Calculate the remainder when 588642 is divided by 410.
292
What is the remainder when 782887 is divided by 2943?
49
What is the remainder when 478643 is divided by 1045?
33
Calculate the remainder when 193063 is divided by 4652.
2331
Calculate the remainder when 191775 is divided by 4168.
47
What is the remainder when 3281358 is divided by 298305?
3
What is the remainder when 557005 is divided by 2528?
845
Calculate the remainder when 25214555 is divided by 2521455.
5
What is the remainder when 158169389 is divided by 17?
12
What is the remainder when 379628 is divided by 855?
8
What is the remainder when 49179015 is divided by 997?
993
What is the remainder when 2168793 is divided by 100?
93
What is the remainder when 6943 is divided by 2280?
103
Calculate the remainder when 30911 is divided by 30797.
114
What is the remainder when 63835380 is divided by 14485?
14470
Calculate the remainder when 980079 is divided by 3908.
3079
Calculate the remainder when 121779 is divided by 12141.
369
What is the remainder when 231640 is divided by 17808?
136
What is the remainder when 1163461 is divided by 2529?
121
Calculate the remainder when 47285 is divided by 2013.
986
Calculate the remainder when 16219978 is divided by 90.
88
Calculate the remainder when 6051155 is divided by 794.
81
What is the remainder when 93669036 is divided by 18?
6
What is the remainder when 418186 is divided by 38?
34
What is the remainder when 2400903 is divided by 3236?
3027
What is the remainder when 3337300 is divided by 71?
16
Calculate the remainder when 5016372 is divided by 4507.
81
Calculate the remainder when 32274855 is divided by 206.
11
Calculate the remainder when 44733427 is divided by 1934.
7
Calculate the remainder when 8533992 is divided by 148.
16
What is the remainder when 9750283 is divided by 1117?
1107
Calculate the remainder when 768628 is divided by 32023.
76
Calculate the remainder when 713096 is divided by 89131.
48
Calculate the remainder when 4838441 is divided by 1612785.
86
What is the remainder when 157243129 is divided by 2414?
2411
What is the remainder when 18945364 is divided by 1179?
13
Calculate the remainder when 839551289 is divided by 38.
37
What is the remainder when 1588331 is divided by 4352?
4203
Calculate the remainder when 56271487 is divided by 2912.
2911
What is the remainder when 671083 is divided by 1207?
1198
What is the remainder when 477186 is divided by 156118?
8832
What is the remainder when 4877915 is divided by 197?
195
What is the remainder when 4934 is divided by 1794?
1346
What is the remainder when 109396 is divided by 17333?
5398
Calculate the remainder when 36154887 is divided by 431.
21
What is the remainder when 12618596 is divided by 24?
20
Calculate the remainder when 675291955 is divided by 732.
727
What is the remainder when 3451415 is divided by 1150453?
56
Calculate the remainder when 437498 is divided by 24305.
8
What is the remainder when 249700 is divided by 16642?
70
What is the remainder when 174039080 is divided by 916?
912
What is the remainder when 6249048 is divided by 605?
3
What is the remainder when 27772 is divided by 24413?
3359
What is the remainder when 159986 is divided by 431?
85
Calculate the remainder when 444525 is divided by 214.
47
Calculate the remainder when 889043 is divided by 705.
38
What is the remainder when 182793 is divided by 311?
236
Calculate the remainder when 14251 is divided by 5967.
2317
Calculate the remainder when 370313 is divided by 50.
13
Calculate the remainder when 1847565 is divided by 557.
553
Calculate the remainder when 2603 is divided by 825.
128
Calculate the remainder when 81994648 is divided by 5291.
21
What is the remainder when 154967 is divided by 231?
197
Calculate the remainder when 130966 is divided by 1188.
286
What is the remainder when 170372 is divided by 951?
143
Calculate the remainder when 351060 is divided by 5317.
138
Calculate the remainder when 496679 is divided by 2401.
2073
What is the remainder when 804 is divided by 381?
42
What is the remainder when 1612511 is divided by 20149?
591
What is the remainder when 22937 is divided by 5597?
549
What is the remainder when 833120 is divided by 216?
8
What is the remainder when 2083229 is divided by 245?
239
Calculate the remainder when 5996 is divided by 5452.
544
Calculate the remainder when 1036806 is divided by 4267.
4192
Calculate the remainder when 390914 is divided by 681.
20
Calculate the remainder when 140641 is divided by 1190.
221
Calculate the remainder when 4634948 is divided by 1251.
1244
What is the remainder when 687819429 is divided by 219?
216
What is the remainder when 1282365 is divided by 870?
855
What is the remainder when 271576 is divided by 1832?
440
What is the remainder when 5093 is divided by 3983?
1110
What is the remainder when 3508419 is divided by 815?
659
What is the remainder when 14790607 is divided by 91867?
20
What is the remainder when 27918 is divided by 9073?
699
Calculate the remainder when 911076 is divided by 748.
12
Calculate the remainder when 8552 is divided by 1445.
1327
What is the remainder when 303551456 is divided by 33?
32
What is the remainder when 26559 is divided by 112?
15
What is the remainder when 15734 is divided by 2448?
1046
What is the remainder when 935216 is divided by 155841?
170
What is the remainder when 1051315 is divided by 13831?
159
Calculate the remainder when 83057 is divided by 478.
363
What is the remainder when 38868832 is divided by 7?
2
Calculate the remainder when 16976959 is divided by 14.
13
What is the remainder when 193982 is divided by 216?
14
Calculate the remainder when 975226 is divided by 486369.
2488
What is the remainder when 109736 is divided by 838?
796
What is the remainder when 101713 is divided by 33903?
4
What is the remainder when 2492798644 is divi